= -17, -24 = -l + t. What is the greatest common divisor of l and 77?
11
Let j be (4/5)/((-3)/(-60)). Let y(w) = w**2 - 39*w + 32. Let i(o) = 13*o - 39. Let f be i(6). Let x be y(f). What is the highest common factor of j and x?
16
Let j be (1 - 0)/((-1)/(-83)). Suppose j = 5*c - 197. Let f(a) = -5*a**2 + 171*a + 168. Let h be f(35). What is the highest common divisor of c and h?
28
Suppose -196 = -28*r + 32*r. Let b = -69 - -148. Let j = b + r. What is the highest common factor of 20 and j?
10
Let y = 28 - 10. Let l = 7 + -30. Let c = l + 35. What is the greatest common divisor of y and c?
6
Let n = 4 + 0. Suppose 0*r - n*r = 0, -r + 14 = 2*u. Let q(g) = g**3 + 10*g**2 - 6*g - 53. Let m be q(-10). What is the highest common divisor of u and m?
7
Suppose -11*q + 18*q - 105 = 0. Let p be q + 0 + (-6)/2. Suppose 4*j - 600 = -j. Calculate the greatest common factor of p and j.
12
Suppose 2*z = -5*z - 2408. Let s = z + 884. What is the highest common factor of 54 and s?
54
Let z be (-3)/(3 + 522/(-168)). Calculate the highest common factor of 1582 and z.
14
Suppose -1656 - 689 = -23*a + 461. Calculate the greatest common divisor of 2 and a.
2
Let b be (-26*(-9)/(-108))/(1/(-6)). Suppose 4*v - 26 = -2*f, 4*v + 10 - 1 = 5*f. Suppose 437 + 83 = f*s. Calculate the greatest common factor of s and b.
13
Let h = 932 - 527. Suppose -37*l - 1463 = -167*l + 2437. What is the highest common factor of h and l?
15
Suppose 0 = j - 12 - 28. Let n(g) = -3838*g + 11834. Let i be n(3). Calculate the greatest common divisor of i and j.
40
Let x be 1 + 207/(5 - 2). Suppose -235 = -34*y + 29*y. Let t = 61 - y. Calculate the highest common divisor of t and x.
14
Suppose -5*c + 7833 = 3*l, 8*c - 5297 = -2*l + 13*c. Calculate the highest common factor of 78 and l.
26
Let g be ((-3)/(-2))/(12/(-80)). Let z be (-3)/5 + (-46)/g. What is the highest common divisor of z and 14?
2
Let u = -15 + 28. Let a(t) be the first derivative of 9*t**2/2 - 3*t - 78. Let r be a(u). Calculate the highest common factor of r and 6.
6
Suppose 0 = 4*p + 3*i - 61, -5*p = -3*i - 0*i - 110. Let o be 200 - (-17 - (-9 + 1)). What is the highest common divisor of p and o?
19
Let z be (84184/16 + -3)*(-20 + 22). Calculate the highest common factor of z and 52.
13
Let f(b) = 2*b**3 + 117*b**2 + 673*b - 99. Let s be f(-52). What is the highest common factor of 4389 and s?
57
Let r(q) = -12*q**3 + 2*q**2 - 22*q - 96. Let z be r(-5). Calculate the greatest common divisor of z and 460.
92
Let g = -8938 + 9056. Calculate the highest common factor of 1475 and g.
59
Suppose 3*u - 1653 = -i, 104*i = -2*u + 106*i + 1102. What is the greatest common factor of u and 133?
19
Let j be (-2)/3 - 83/(-3). Let w be 80/(-70) - 40/(-35). Suppose -33*y + 38*y - 135 = w. Calculate the greatest common factor of j and y.
27
Let s(q) = 8*q - 98. Let d be s(12). Let b be (15 + d)/((-7)/(-119)) - -4. What is the highest common divisor of 25 and b?
25
Let t(x) = -x**3 - x**2 - 5*x - 6. Let u be t(-3). Suppose -u - 57 = -4*i. Let h = 29 - i. Calculate the greatest common factor of h and 6.
2
Suppose h - 10*o = -13*o + 3, 0 = h - 3*o - 27. Calculate the greatest common factor of 2445 and h.
15
Let x(n) = 8*n**2 + 4*n - 23. Let y be x(11). What is the highest common factor of y and 23?
23
Suppose 5 = -14*k + 173. Suppose -2*a - a - 6 = 0, -k = -j + 4*a. Suppose -5*f + 233 = 4*z, 85 = -j*z + f + 312. What is the highest common divisor of z and 38?
19
Suppose -3*v = -5*l + 2038, 7*v - 3*v = 16. Calculate the highest common factor of 2542 and l.
82
Let z be 12/(-28) - 22975/(-35) - -9. Calculate the greatest common factor of 35 and z.
35
Let a be (64/(-160))/((-6)/60). Suppose 3*l + 4 = 5*v, v + 5*l + 16 = -0*l. Let x be 1 - -1*(-31)/v. What is the highest common factor of a and x?
4
Suppose -949*o + 135 = -946*o. Suppose 39*j - 42*j + o = 0. Calculate the highest common divisor of j and 345.
15
Suppose 35 = q + 24. Suppose x = a + 12, 5*a - q = 2*x - 44. Calculate the highest common factor of x and 72.
9
Let p(j) = j - 13. Let o(q) = -q + 11. Let t(f) = -4*o(f) - 5*p(f). Let c be t(22). Let i be 27 + -5 - c*2. What is the greatest common divisor of 4 and i?
4
Suppose -321*c = -325*c + 1400. Suppose -944 - 456 = -10*z. Calculate the greatest common divisor of c and z.
70
Let j(f) be the first derivative of -2*f**3/3 - 6*f**2 - 10*f - 9. Let r be j(-4). Suppose r*x - 1694 = -662. Calculate the greatest common factor of 43 and x.
43
Suppose 20*y - 82*y - 4*y = -1584. Suppose -3*r = -180 - 612. What is the greatest common divisor of r and y?
24
Suppose -2*m - x = -337, -3*x + 150 = 135. Calculate the highest common factor of m and 1909.
83
Suppose 0 = 29*p - 1950 - 138. Suppose 9*d = 8038 - 910. What is the highest common divisor of d and p?
72
Suppose 3*u - 4062 = -2*y, -5*u - 4078 = -474*y + 472*y. Calculate the highest common divisor of 36 and y.
18
Suppose -420*w + 43987 = -113. What is the highest common factor of w and 1085?
35
Suppose -13*p = -11*p + 4*i - 74, 5*i = -2*p + 70. Calculate the greatest common divisor of p and 1935.
45
Let a(l) = -7*l - 182. Let g be a(-27). Suppose -g*p = -404 + 194. What is the highest common factor of p and 18?
6
Suppose 3*i = 2*r - 275, -4*r - 3*i = -r - 390. Suppose 3*q + 2*p = 22 + 7, 0 = 4*q - 3*p - 16. Calculate the greatest common divisor of r and q.
7
Let m be -5*3 + 3 + (0 - -3). Let l = -1 - m. Suppose -4*b = 2*w - l*b - 310, 2*w + 2*b = 304. What is the greatest common factor of 17 and w?
17
Let m(w) = -w**2 - 45*w + 1310. Let t be m(-62). What is the highest common divisor of 4736 and t?
128
Let d = 610 + 22. Calculate the highest common divisor of 8 and d.
8
Let f be (-1)/(-4 + (-141)/(-36)). Suppose 0 = 4*a - 3*a - f. Suppose -11 = -i + q + a, q - 77 = -3*i. What is the greatest common factor of 25 and i?
25
Suppose 2*k - 5*b = -21, k + 13*b - 11*b = -6. Let c = 152 + k. What is the greatest common divisor of 16 and c?
16
Let j(s) = 2*s + 36. Let b be -1 + 1 + -7 - (0 - -1). Let p be j(b). Let f be (-251)/(-5) - (-2)/(-10). What is the highest common factor of f and p?
10
Suppose 0 = 2*g - 4*m - 2, 4*g - g - 3 = -3*m. Let z be (0 + g)*300/25. What is the greatest common divisor of 18 and z?
6
Let y be (-12633)/(-11) - 102/(-187). Suppose 0 = -24*p + 939 + y. What is the greatest common factor of p and 232?
29
Let y = -5972 - -7207. Calculate the highest common factor of 520 and y.
65
Let m = 6112 + -6075. What is the highest common divisor of 9546 and m?
37
Let h = -36663 - -69717. What is the greatest common divisor of 84 and h?
42
Suppose 176 = -7*y + 9*y. Let n = 25591 + -25536. Calculate the highest common factor of n and y.
11
Suppose 13967 = 22*u - 11443. What is the highest common factor of 21 and u?
21
Let b(s) = 2*s**2 + 15*s + 10. Let z be b(-7). Let k be -1 - (-1 - (z + 141)). Suppose k = o + 5*o. What is the greatest common divisor of 16 and o?
8
Suppose -5*m = -v - 48, -2*v + 4*m + 0*m = 96. Let b = v - -59. Suppose 0 = -5*i + 122 + 263. Calculate the greatest common divisor of i and b.
11
Let m(x) = x**3 - 82*x**2 - 2415*x + 13. Let s be m(-23). What is the highest common factor of 6201 and s?
13
Let w(d) = 11*d**2 - 129*d + 78. Let t be w(12). Suppose 0 = 2*v - v - 171. Calculate the highest common factor of v and t.
57
Let y(s) be the third derivative of 44*s**6/15 - s**3/6 - 3*s**2 - 23*s. Let z be y(1). What is the highest common factor of 13 and z?
13
Let l(k) = 49*k - 391. Let z be l(8). Calculate the highest common divisor of z and 729.
1
Let u(s) = 18*s + 272. Let k be u(-16). Let l be 6180/21 + k/56. Calculate the highest common factor of 210 and l.
42
Let h = 643 + 2591. Calculate the highest common factor of h and 330.
66
Let x(g) = -445*g**2 + 2673*g - 4. Let d be x(6). Suppose 2*p = -6*p + 1456. Calculate the highest common divisor of d and p.
14
Let d(m) = -7*m + 123. Let h be d(16). Suppose h*n - 40 = 59. Let g(a) = 117*a**2 - a + 1. Let j be g(1). What is the highest common divisor of j and n?
9
Let w be (2 + -14)/(1/(-12)). Suppose 121*z - 557*z = -13952. What is the greatest common factor of w and z?
16
Suppose 1452 = 2*v - 11*b, -3681 = -5*v - 9*b + 11*b. Suppose 0 = 5*j - q - q - 53, q = -5*j + 56. What is the greatest common factor of j and v?
11